16
Suppose -b - 2*b = -18. Let j be 30 + -8 + (-2 - 2). Let t = j + -7. What is the remainder when t is divided by b?
5
Let s(w) = 2*w**2 - w - 1. Let u = -36 - -46. Let n be (-38)/(-12) - u/60. Calculate the remainder when 51 is divided by s(n).
9
Let w(m) = -m**2 - 11*m + 4. Let n be w(-11). Let b be 26/n + 4 + (-7)/2. What is the remainder when 42 is divided by 2 - ((-93)/b + (-14)/(-49))?
12
Let l(z) = z**2 + 2*z + 12. Let t be l(0). Let r be (t/15)/(8/20). Suppose 3*d = r*k + 109, 3*d + 5*k - 39 = 77. What is the remainder when d is divided by 10?
7
Let l(a) = 2*a**3 - 8*a**2 - 2*a + 8. Let o be l(4). Let y be ((0 - 1) + o)*-2 + -1. What is the remainder when 0/y - ((-1284)/4)/3 is divided by 28?
23
Let a(f) = f**3 + 30*f**2 + 48*f + 10. Let o be a(-28). Suppose 228*l - o*l + 516 = 0. Calculate the remainder when l is divided by 56.
30
Let j = -239 + 239. Suppose 0 = -j*t + t + 4*v - 28, -5*t = -v - 224. Calculate the remainder when t is divided by 10.
4
Let r be (0 + -99)*2/(-6). Let n be 4/(-22) + 3306/r. Suppose -n = -7*j + 201. What is the remainder when j is divided by 11?
10
Let k(y) = 23*y**2 + y. Let u(j) = -220*j + 1348. What is the remainder when k(2) is divided by u(6)?
10
Suppose -5*r - 2*k + 63 = 44, -4 = -4*r + 4*k. What is the remainder when (r - (-15 - -6))/(4/14) is divided by 15?
12
Suppose -b + 4*i = -600, 16*b + 1744 = 19*b + 2*i. Calculate the remainder when b is divided by 80.
24
Let c be ((-2)/(-2))/(2*(-2)/(-84)). Let v be (362/3)/(14/c). Let q = v - 108. What is the remainder when q is divided by 19?
16
Let y = -1051 - -2244. Calculate the remainder when y is divided by 13.
10
Let v(u) = 15*u**3 - 31*u + 214. Calculate the remainder when v(6) is divided by 652.
8
Let q = 1 + 3. Suppose -4*h + 5*k = -136, q*h = h + 4*k + 103. Suppose 3*c = -5*p + 110, -4*p + 3*p - 2*c = -h. What is the remainder when p is divided by 12?
7
Let h = 496 + -272. Let v = -206 + h. Calculate the remainder when 53 is divided by v.
17
Suppose -21*c = 7*c - 56. Suppose 2*f - c*q + q = 78, f - 2*q - 42 = 0. Calculate the remainder when 186 is divided by f.
34
Suppose 155 = u + i, 2*u - 5*i - 289 = -0*u. Suppose -336*n = -333*n - 5*o - 151, 0 = -5*n - 6*o + 180. What is the remainder when u is divided by n?
26
Suppose 0*c - 4*c = -36. Let w(j) = -2*j**2 + 19*j + 1. Let b(s) = s**2 - s + 58. Calculate the remainder when b(0) is divided by w(c).
8
Let m = 156 - 158. Calculate the remainder when 188/((-4)/m) + -13 + 8 is divided by 30.
29
Let d = -180 + 195. Let y = d - -63. What is the remainder when y is divided by 4?
2
Let p = -5169 + 5462. Calculate the remainder when p is divided by 142.
9
Suppose -4*i = -4*i + i. Suppose i = -67*y + 63*y + 264. Suppose -5*k - 4*u + y = -9, 5*k + 5*u = 75. What is the remainder when k is divided by 8?
7
Suppose -4*x - 33 = -3*a, -5*x - 11 = 3*a - 4*a. Suppose -3*p + 19 = -2. What is the remainder when a is divided by p?
4
Suppose -3*h - 2*u + 17986 = 0, -h + 7627 - 1645 = 4*u. What is the remainder when h is divided by 150?
148
Let m(y) = 19*y + 3. Let b be 90/(-24)*8/(-5) - 1. Suppose 9*i = -5*h + b*i + 68, -4*h = -3*i - 73. Calculate the remainder when m(3) is divided by h.
12
Suppose 0 = -4*c - 16, 4*c - 6*c + 1032 = 5*u. Calculate the remainder when 427 is divided by u.
11
Let i be (-8)/(-24) + 2/(-6). Suppose i = 27*d - 23*d - 8. Suppose -m = 3*k + d*k - 33, m - k = 39. Calculate the remainder when m is divided by 13.
12
Let m be 3/(18/4) + 7/3. Let a(g) = -9 + m*g - 4 + 26*g**2 + 5*g**2. Calculate the remainder when a(3) is divided by 23.
22
Suppose 330 + 2157 = 3*g - 21. Calculate the remainder when g is divided by 42.
38
Let m be 1/(-4) + 85/20. Suppose -2*q - 27 = -c, c + m*q - 60 = -3*c. Suppose -586*z - 14652 = -718*z. What is the remainder when z is divided by c?
16
Let n = 5725 - 5697. Calculate the remainder when 157 is divided by n.
17
Let n(g) = 4*g**2 - 20*g - 5. Let a(u) = 5*u**3 + 2*u - 1. What is the remainder when n(-4) is divided by a(2)?
10
Let v = -86 - -256. Suppose 5*z - 54 = -s, v + 12 = 5*s + 3*z. What is the remainder when 96 + (-5 - -2 - -2)/(-1) is divided by s?
29
Let q = 3278 + -2405. What is the remainder when q is divided by 23?
22
Let q = 5686 + 656. Calculate the remainder when q is divided by 61.
59
Let o = 89 + -79. Let c = o + 42. What is the remainder when 153 is divided by c?
49
Let a(b) = -13*b**2 - 523*b + 94. Calculate the remainder when a(-40) is divided by 56.
46
Let c(v) = 3*v**2 + 8*v + 10. Let y be c(-5). Suppose -5 = -2*z - 7, -5*t - 5*z + y = 0. Calculate the remainder when 17 is divided by t.
7
Suppose 2*n - 2*s - 226 = 0, -37*n + 5*s + 454 = -33*n. Suppose -4*a + 112 - 20 = 0. Calculate the remainder when n is divided by a.
19
Suppose -2*n = 10, n + 4*n - 25 = g. Let r = g + 115. What is the remainder when r is divided by 27?
11
Suppose 4 + 2 = -3*b, 4*b - 46 = -2*i. Let p = -33 + 84. What is the remainder when p is divided by i?
24
Let b be 2*-4 - (-22 + 26). Calculate the remainder when 1413/45 + b/(-20) is divided by 10.
2
Suppose 226694 = 79*y - 54467. What is the remainder when y is divided by 20?
19
Let u(x) = 24*x - 40. Calculate the remainder when 3309 is divided by u(3).
13
Calculate the remainder when 124/279*((-79398)/4)/(-11) is divided by 266.
4
Suppose 2*v + 3*a - 197 = 0, -527 = -5*v - 7*a + 11*a. Let p = -44 - -73. Suppose 0 = -3*x + 49 + p. What is the remainder when v is divided by x?
25
Let h = -33 - -98. Let m = h - 51. Suppose 0 = -q - 5 - 0, 2*f + q - 3 = 0. What is the remainder when m is divided by f?
2
Let b be 50/(-4)*2064/(-215). Suppose -63 = 3*j - b. What is the remainder when 95 is divided by j?
0
What is the remainder when ((1 - 2) + 3)/((-8)/12) + 678 is divided by 34?
29
Let q be (1908/(-45))/(1*4/(-10)). Suppose q*f = 117*f - 77. What is the remainder when 61 is divided by f?
5
Suppose -23*r + 114 = -70. Let n(l) = -68*l**3 - l**2 + l + 1. Calculate the remainder when n(-1) is divided by r.
3
Suppose 26*y - 436 = -4*s + 21*y, -220 = -2*s - 2*y. What is the remainder when 346 is divided by s?
4
Suppose -3*v + 2*t = -734, -995 = -4*v - 4*t + 9*t. Calculate the remainder when 1913 is divided by v.
233
Let n = 35 + -35. Suppose n = -2*w + 4*w - 146. Suppose -11*q = -10*q + x - 18, -4*x = 5*q - 87. What is the remainder when w is divided by q?
13
Let b be (1*30/(-35))/(4/56). Calculate the remainder when -6 - 80/b - 354/(-9) is divided by 11.
7
Let y = -29 - -29. Suppose 10 = 2*z + 2*t, 2*t + y*t - 2 = 0. Suppose x = 2*d - 3*x - 82, -z*d + 146 = -2*x. Calculate the remainder when d is divided by 12.
11
Suppose 5*j + 7*r - 1008 = 9*r, 1011 = 5*j + r. Calculate the remainder when j is divided by 60.
22
Suppose 2*b + 3*q + 657 = 3*b, -3*q + 18 = 0. What is the remainder when b is divided by 3?
0
Suppose 237 = 8*b + 213. Suppose -5*n + 79 = h, b*h + 2*h - 20 = 0. What is the remainder when 98 is divided by n?
8
Suppose 0 = -4*l - 0*l + 100. Calculate the remainder when 270100/730*((-6)/5)/(-2) is divided by l.
22
Let s = 6 + -1. Let b(d) = d**2 + 19*d + 60. Let f be b(-5). What is the remainder when 4/((-8)/f) + (-1 - -11) is divided by s?
0
Let b(j) be the third derivative of -j**4/12 + 4*j**3/3 - 44*j**2. What is the remainder when 65 is divided by b(-8)?
17
Let y = -63 - -68. Suppose 3*k + 2 = -y*p, -8 = 3*p + p + 4*k. Suppose p*q = -1 + 35. Calculate the remainder when q is divided by 6.
5
Let n(o) be the third derivative of -o**4/24 + o**3/2 - o**2 + 5*o. Calculate the remainder when 160 is divided by n(-12).
10
Let o = -293 + 430. Let q = -94 + o. Suppose 0 = -2*k + 4*t + 26, -t = 4*k - 2*t - 59. Calculate the remainder when q is divided by k.
13
Suppose 179*q - 3*w - 259 = 178*q, 4*q - 1006 = -3*w. Calculate the remainder when q is divided by 28.
1
Let g be (-480)/(-25) + (-16)/(-20). Suppose 208 + 952 = g*h. Calculate the remainder when 341 is divided by h.
51
Suppose 15 = 3*s, 2*s = r - 754 - 783. Calculate the remainder when r is divided by 62.
59
Suppose -202*t + 4015 = -191*t. Calculate the remainder when t is divided by 51.
8
Suppose -4*o + 12 = 0, -3*g + 2*o + 0*o - 9 = 0. Let b(w) = -10*w + 1. What is the remainder when b(g) is divided by 1/2*-1*(-14 - 2)?
3
Let s(f) = 10*f**2 + 7*f - 12*f**2 + 4 + 4 - 2*f**3.